r of 1397161?
False
Does 118 divide 16393286?
False
Does 61 divide 20069?
True
Does 22 divide 14691512?
True
Is 645 a factor of 2560084?
False
Is 2945995 a multiple of 65?
True
Does 14 divide 70319?
False
Is 33 a factor of 3287919?
False
Does 451 divide 233618?
True
Is 17770 a multiple of 2?
True
Is 57970 a multiple of 155?
True
Is 42324 a multiple of 3?
True
Is 78 a factor of 815059?
False
Is 1155719 a multiple of 677?
False
Is 283860 a multiple of 249?
True
Does 53 divide 321255?
False
Does 14 divide 263967?
False
Is 586869 a multiple of 162?
False
Is 53 a factor of 778590?
False
Does 311 divide 291718?
True
Does 309 divide 9228555?
False
Does 12 divide 11379091?
False
Is 3272964 a multiple of 311?
True
Does 34 divide 19006?
True
Does 1602 divide 11624337?
False
Is 36 a factor of 3134?
False
Does 42 divide 590058?
True
Is 72296 a multiple of 56?
True
Is 2654703 a multiple of 4?
False
Is 14536640 a multiple of 179?
False
Is 23 a factor of 812865?
False
Is 15030457 a multiple of 13?
True
Is 16 a factor of 1162480?
True
Is 31 a factor of 788423?
True
Is 60536 a multiple of 46?
True
Is 21291551 a multiple of 71?
True
Does 80 divide 125840?
True
Does 343 divide 98436?
False
Does 8 divide 41760?
True
Does 48 divide 2941488?
True
Is 31369848 a multiple of 13?
False
Does 1551 divide 3188971?
False
Does 11 divide 488169?
True
Does 118 divide 26571748?
False
Does 11 divide 2404?
False
Does 115 divide 306381?
False
Is 17 a factor of 2795144?
False
Does 10 divide 13450?
True
Is 30 a factor of 6030?
True
Is 62010 a multiple of 23?
False
Does 4 divide 242652?
True
Does 242 divide 888558?
False
Does 22 divide 931480?
True
Is 4985204 a multiple of 23?
True
Is 28 a factor of 104495?
False
Does 60 divide 60137?
False
Is 22 a factor of 46004933?
False
Does 253 divide 2047640?
False
Is 75 a factor of 693792?
False
Is 76 a factor of 204632?
False
Is 111 a factor of 64645?
False
Is 79049 a multiple of 577?
True
Does 42 divide 8566773?
False
Does 51 divide 72573?
True
Is 220518 a multiple of 3?
True
Is 4650315 a multiple of 1087?
False
Does 239 divide 353736?
False
Does 102 divide 4577964?
True
Is 13 a factor of 514164?
False
Is 46 a factor of 1952412?
False
Is 8036577 a multiple of 288?
False
Does 73 divide 1845124?
False
Does 430 divide 10393782?
False
Is 207 a factor of 1873509?
False
Is 6 a factor of 37914?
True
Does 21 divide 238854?
True
Is 199 a factor of 296704?
False
Is 608 a factor of 273600?
True
Is 57984 a multiple of 151?
True
Is 549911 a multiple of 144?
False
Is 1515 a factor of 963484?
False
Is 13 a factor of 31499?
True
Does 10 divide 663760?
True
Is 593678 a multiple of 696?
False
Is 69 a factor of 2389603?
False
Does 24 divide 3232536?
True
Is 53326 a multiple of 6?
False
Is 275950 a multiple of 73?
False
Is 5 a factor of 1601?
False
Is 12 a factor of 5508?
True
Is 43 a factor of 1466223?
False
Does 12 divide 196389?
False
Does 13 divide 52338?
True
Does 13 divide 1440634?
True
Does 168 divide 5937511?
False
Is 335521 a multiple of 9?
False
Is 6 a factor of 16000?
False
Is 262424 a multiple of 76?
False
Is 1215364 a multiple of 293?
True
Is 57342 a multiple of 55?
False
Is 69 a factor of 892929?
True
Does 36 divide 60084?
True
Does 300 divide 2012700?
True
Is 18 a factor of 100606?
False
Does 254 divide 1992376?
True
Does 143 divide 856063?
False
Does 21 divide 9007530?
True
Is 4 a factor of 26672?
True
Is 27 a factor of 206388?
True
Does 10 divide 1086555?
False
Is 116061 even?
False
Does 28 divide 60928?
True
Is 5 a factor of 422988?
False
Is 1811808 a multiple of 27?
True
Does 28 divide 2287208?
True
Is 47 a factor of 218847?
False
Is 28 a factor of 224020?
False
Is 2 a factor of 76549?
False
Is 702 a factor of 309582?
True
Is 6483897 a multiple of 21?
True
Is 458 a factor of 6643486?
False
Is 10 a factor of 30675?
False
Is 523 a factor of 2571578?
False
Is 599182 a multiple of 79?
False
Does 4 divide 1576084?
True
Does 11 divide 849222?
True
Is 74 a factor of 629370?
True
Is 183 a factor of 128239?
False
Is 921500 a multiple of 250?
True
Is 296 a factor of 219040?
True
Does 12 divide 477480?
True
Is 104295 a multiple of 146?
False
Is 27090 a multiple of 43?
True
Does 164 divide 785232?
True
Is 64 a factor of 204672?
True
Is 72975 a multiple of 25?
True
Is 11 a factor of 46977?
False
Does 718 divide 22376470?
True
Does 30 divide 134250?
True
Does 46 divide 83584?
False
Does 681 divide 27265187?
False
Is 40 a factor of 2983404?
False
Is 4155071 a multiple of 9?
False
Is 81255 a multiple of 4?
False
Is 600 a factor of 33000?
True
Does 170 divide 172792?
False
Is 14 a factor of 511674?
False
Is 20 a factor of 324297?
False
Does 25 divide 11306775?
True
Is 7464015 a multiple of 65?
True
Is 310017 a multiple of 157?
False
Does 76 divide 105364?
False
Is 4971720 a multiple of 15?
True
Is 20 a factor of 568487?
False
Is 35 a factor of 27431?
False
Is 342 a factor of 974016?
True
Does 18 divide 2254892?
False
Is 4 a factor of 13776?
True
Is 103 a factor of 245673?
False
Is 7 a factor of 179532?
False
Does 243 divide 2455859?
False
Does 130 divide 8684513?
False
Is 417 a factor of 24603?
True
Is 5414003 a multiple of 86?
False
Does 67 divide 3947542?
False
Does 11 divide 135817?
True
Does 247 divide 9644362?
True
Is 112 a factor of 495600?
True
Is 487508 a multiple of 14?
True
Is 205400 a multiple of 158?
True
Does 6 divide 22932?
True
Is 2 a factor of 8118?
True
Does 50 divide 6262415?
False
Is 10 a factor of 8098317?
False
Is 629719 a multiple of 249?
False
Does 88 divide 229021?
False
Is 778211 a multiple of 228?
False
Is 12753 a multiple of 22?
False
Is 50775 a multiple of 5?
True
Does 7 divide 8106?
True
Is 2 a factor of 10377?
False
Does 16 divide 67056?
True
Does 211 divide 311436?
True
Does 20 divide 23782?
False
Is 24 a factor of 418260?
False
Is 12602450 a multiple of 8?
False
Is 2404396 a multiple of 72?
False
Does 171 divide 540882?
False
Is 246237 a multiple of 211?
True
Does 23 divide 396072?
False
Is 18 a factor of 52050?
False
Is 17722 a multiple of 4?
False
Is 894 a factor of 506898?
True
Does 1071 divide 2671074?
True
Is 10 a factor of 1340217?
False
Does 37 divide 227594?
False
Is 183 a factor of 98820?
True
Is 9 a factor of 30626?
False
Does 766 divide 1069928?
False
Does 60 divide 1518900?
True
Is 12 a factor of 89964?
True
Does 82 divide 464940?
True
Does 6 divide 985482?
True
Does 23 divide 6147594?
False
Is 27 a factor of 4463517?
False
Is 9480 a multiple of 158?
True
Is 398 a factor of 446740?
False
Is 118 a factor of 86422?
False
Is 4195692 a multiple of 106?
True
Is 11 a factor of 483808?
False
Does 801 divide 180225?
True
Is 348480 a multiple of 1089?
True
Is 729781 a multiple of 893?
False
Does 9 divide 113712?
False
Does 28 divide 44660?
True
Is 474162 a multiple of 426?
False
Does 3 divide 105150?
True
Is 954148 a multiple of 6?
False
Is 3 a factor of 1594685?
False
Does 189 divide 481005?
True
Is 45 a factor of 189120?
False
Does 121 divide 16138980?
True
Is 186 a factor of 6314142?
True
Does 36 divide 2014842?
False
Does 5 divide 43160?
True
Is 89 a factor of 119786?
False
Is 43 a factor of 49462?
False
Is 1343832 a multiple of 421?
True
Is 120 a factor of 1376400?
True
Is 523179 a multiple of 243?
True
Is 31 a factor of 3838739?
False
Does 228 divide 63612?
True
Does 8 divide 11226069?
False
Is 90 a factor of 27450?
True
Does 19 divide 14708736?
True
Does 256 divide 314624?
True
Does 703 divide 555160?
False
Does 4 divide 20320?
True
Is 15 a factor of 1060512?
False
Does 11 divide 17929184?
False
Is 51 a factor of 4941804?
False
Is 186599 a multiple of 133?
True
Is 151 a factor of 435635?
True
Is 155 a factor of 23717?
False
Does 11 divide 181118?
False
Does 418 divide 137104?
True
Is 43 a factor of 444319?
True
Does 13 divide 64532?
True
Is 5 a factor of 220597?
False
Does 66 divide 46257?
False
Is 40 a factor of 43012?
False
Is 8196280 a multiple of 295?
True
Is 258 a factor of 47214?
True
Does 10 divide 7480348?
False
Does 285 divide 699792?
False
Does 50 divide 4965217?
False
Is 4239120 a multiple of 34?
True
Is 962226 a multiple of 103?
True
Is 844276 a multiple of 9?
False
Is 23 a factor of 937339?
False
Is 46174 a multiple of 99?
False
Is 455731 a multiple of 55?
False
Does 8 divide 6973488?
True
Does 63 d